{"id":414,"date":"2019-11-11T03:28:00","date_gmt":"2019-11-11T03:28:00","guid":{"rendered":"http:\/\/colegiodeasis.cl\/2019\/?page_id=414"},"modified":"2026-01-23T18:09:15","modified_gmt":"2026-01-23T18:09:15","slug":"mision-vision","status":"publish","type":"page","link":"https:\/\/colegiodeasis.cl\/2019\/mision-vision\/","title":{"rendered":"MISI\u00d3N VISI\u00d3N."},"content":{"rendered":"\n  <div id=\"page-header-690047317\" class=\"page-header-wrapper\">\n  <div class=\"page-title dark featured-title\">\n\n    \n    <div class=\"page-title-inner container align-center flex-row medium-flex-wrap\" >\n              <div class=\"title-wrapper flex-col text-left medium-text-center\">\n          <h1 class=\"entry-title mb-0\">\n            MISI\u00d3N VISI\u00d3N.          <\/h1>\n        <\/div>\n                    <div class=\"title-content flex-col flex-right text-right medium-text-center\">\n        <div class=\"title-breadcrumbs pb-half pt-half\"><\/div>      <\/div>\n    <\/div>\n\n     \n<style>\n#page-header-690047317 .page-title-inner {\n  min-height: 100px;\n}\n<\/style>\n  <\/div>\n    <\/div>\n  \n\n\t<div id=\"gap-1916998039\" class=\"gap-element clearfix\" style=\"display:block; height:auto;\">\n\t\t\n<style>\n#gap-1916998039 {\n  padding-top: 30px;\n}\n<\/style>\n\t<\/div>\n\t\n\n<div class=\"row row-small\"  id=\"row-252028460\">\n\n\n\t<div id=\"col-916734273\" class=\"col medium-6 small-12 large-6\"  >\n\t\t<div class=\"col-inner\"  >\n\t\t\t\n\t\t\t\n\n<p style=\"text-align: justify;\">Nuestro\u00a0 tiene un sello caracter\u00edstico que lo distingue de las dem\u00e1s instituciones con las que comparte la comuna. El estar a los pies\u00a0 del\u00a0 Templo Votivo de Maip\u00fa le imprime una impronta de marcada espiritualidad y culto mariano,\u00a0 otorga un sentimiento de paz y armon\u00eda que se expresa en todas las dimensiones del quehacer Institucional.<\/p>\n<p style=\"text-align: justify;\">Creemos firmemente en que todos tenemos algo para ense\u00f1ar, y tambi\u00e9n algo para aprender, raz\u00f3n por la que centramos nuestra labor pedag\u00f3gica en el desarrollo de habilidades para la vida, y la pr\u00e1ctica como m\u00e9todo para\u00a0 alcanzar las competencias necesarias para que nuestros estudiantes contin\u00faen sus estudios en liceos de excelencia y alto rendimiento. Nuestra labor pedag\u00f3gica busca formar personas integrales, de valores cristiano-cat\u00f3licos s\u00f3lidos y un actuar acorde a esta condici\u00f3n, con desarrollo de sus potencialidades, en un ambiente de respeto y buen clima personal.<\/p>\n<p style=\"text-align: justify;\"><strong>VISI\u00d3N<\/strong><\/p>\n<p style=\"text-align: justify;\">Somos una escuela que se consolida como gestora de una educaci\u00f3n de calidad, comprometida con el aprendizaje de nuestros estudiantes a trav\u00e9s del desarrollo de habilidades y competencias para la vida, estimulando la autonom\u00eda y el respeto a s\u00ed mismo, la comunidad y el medio ambiente a fin de responder adecuadamente a los cambios art\u00edsticos, tecnol\u00f3gicos, sociales y culturales.<\/p>\n\n\t\t<\/div>\n\t\t\t<\/div>\n\n\t\n\n\t<div id=\"col-307040984\" class=\"col medium-6 small-12 large-6\"  >\n\t\t<div class=\"col-inner\"  >\n\t\t\t\n\t\t\t\n\n<p style=\"text-align: left;\"><strong>MISI\u00d3N<\/strong><\/p>\n<p style=\"text-align: justify;\">Formar alumnos y alumnas con una s\u00f3lida base intelectual y valores cristianos , sobre un curriculum cient\u00edfico-humanista que se traduzca en un alto rendimiento\u00a0 acad\u00e9mico,\u00a0 acordes con los avances cient\u00edficos, tecnol\u00f3gicos y sociales, culturales y art\u00edsticos, fortaleciendo el desarrollo de un esp\u00edritu cr\u00edtico, responsable, aut\u00f3nomo y creativo que les permita proyectarse con \u00e9xito en la continuaci\u00f3n de sus estudios y en la vida en sociedad \u00a0como estudiantes y como\u00a0 personas aut\u00f3nomas, responsables, honestas e instruidas.<\/p>\n<p style=\"text-align: justify;\">Para ello, nos sustentamos en dos grandes \u00e1mbitos de acci\u00f3n: a) el desarrollo de\u00a0 competencias ling\u00fc\u00edsticas, matem\u00e1ticas, art\u00edsticas y cient\u00edficas en\u00a0 cada alumno y alumna. b) en la adquisici\u00f3n de h\u00e1bitos sociales y valores cristianos universales.<\/p>\n<p style=\"text-align: left;\"><strong>VALORES INSTITUCIONALES<\/strong><\/p>\n<p style=\"text-align: justify;\">Todo nuestro accionar Institucional responde al mandato que nuestra Visi\u00f3n y Misi\u00f3n, desde los cuales se desprenden los siguientes valores rectores de nuestro diario vivir como miembros de una comunidad educativa cristiana y cient\u00edfico-humanista.<\/p>\n\n\t\t<\/div>\n\t\t\t<\/div>\n\n\t\n\n<\/div>\n\n","protected":false},"excerpt":{"rendered":"","protected":false},"author":4,"featured_media":0,"parent":0,"menu_order":0,"comment_status":"closed","ping_status":"closed","template":"page-blank.php","meta":{"footnotes":""},"class_list":["post-414","page","type-page","status-publish","hentry"],"_links":{"self":[{"href":"https:\/\/colegiodeasis.cl\/2019\/wp-json\/wp\/v2\/pages\/414","targetHints":{"allow":["GET"]}}],"collection":[{"href":"https:\/\/colegiodeasis.cl\/2019\/wp-json\/wp\/v2\/pages"}],"about":[{"href":"https:\/\/colegiodeasis.cl\/2019\/wp-json\/wp\/v2\/types\/page"}],"author":[{"embeddable":true,"href":"https:\/\/colegiodeasis.cl\/2019\/wp-json\/wp\/v2\/users\/4"}],"replies":[{"embeddable":true,"href":"https:\/\/colegiodeasis.cl\/2019\/wp-json\/wp\/v2\/comments?post=414"}],"version-history":[{"count":4,"href":"https:\/\/colegiodeasis.cl\/2019\/wp-json\/wp\/v2\/pages\/414\/revisions"}],"predecessor-version":[{"id":1761,"href":"https:\/\/colegiodeasis.cl\/2019\/wp-json\/wp\/v2\/pages\/414\/revisions\/1761"}],"wp:attachment":[{"href":"https:\/\/colegiodeasis.cl\/2019\/wp-json\/wp\/v2\/media?parent=414"}],"curies":[{"name":"wp","href":"https:\/\/api.w.org\/{rel}","templated":true}]}}