{"id":461,"date":"2019-11-12T00:51:30","date_gmt":"2019-11-12T00:51:30","guid":{"rendered":"http:\/\/colegiodeasis.cl\/2019\/?page_id=461"},"modified":"2019-11-12T00:59:27","modified_gmt":"2019-11-12T00:59:27","slug":"san-francisco-de-asis","status":"publish","type":"page","link":"https:\/\/colegiodeasis.cl\/2019\/san-francisco-de-asis\/","title":{"rendered":"SAN FRANCISCO DE ASIS"},"content":{"rendered":"\n  <div id=\"page-header-710686809\" class=\"page-header-wrapper\">\n  <div class=\"page-title dark featured-title\">\n\n    \n    <div class=\"page-title-inner container align-center flex-row medium-flex-wrap\" >\n              <div class=\"title-wrapper flex-col text-left medium-text-center\">\n          <h1 class=\"entry-title mb-0\">\n            SAN FRANCISCO DE ASIS          <\/h1>\n        <\/div>\n                    <div class=\"title-content flex-col flex-right text-right medium-text-center\">\n        <div class=\"title-breadcrumbs pb-half pt-half\"><\/div>      <\/div>\n    <\/div>\n\n     \n<style>\n#page-header-710686809 .page-title-inner {\n  min-height: 100px;\n}\n<\/style>\n  <\/div>\n    <\/div>\n  \n\n\t<div id=\"gap-734759196\" class=\"gap-element clearfix\" style=\"display:block; height:auto;\">\n\t\t\n<style>\n#gap-734759196 {\n  padding-top: 30px;\n}\n<\/style>\n\t<\/div>\n\t\n\n<div class=\"row row-small\"  id=\"row-1161991879\">\n\n\n\t<div id=\"col-1853922476\" class=\"col medium-6 small-12 large-6\"  >\n\t\t<div class=\"col-inner\"  >\n\t\t\t\n\t\t\t\n\n<p style=\"text-align: justify;\"><img loading=\"lazy\" decoding=\"async\" class=\"alignnone size-medium wp-image-464\" src=\"http:\/\/colegiodeasis.cl\/2019\/wp-content\/uploads\/2019\/11\/san-francisco-de-asis-663x400.jpg\" alt=\"\" width=\"663\" height=\"400\" srcset=\"https:\/\/colegiodeasis.cl\/2019\/wp-content\/uploads\/2019\/11\/san-francisco-de-asis-663x400.jpg 663w, https:\/\/colegiodeasis.cl\/2019\/wp-content\/uploads\/2019\/11\/san-francisco-de-asis-768x464.jpg 768w, https:\/\/colegiodeasis.cl\/2019\/wp-content\/uploads\/2019\/11\/san-francisco-de-asis.jpg 800w\" sizes=\"auto, (max-width: 663px) 100vw, 663px\" \/><br \/><br \/>Giovanni Francesco Bernardone, naci\u00f3 en As\u00eds, en el a\u00f1o 1181, en el seno de una acaudalada familia. Durante su juventud Francisco llevo una vida mundana y despreocupada. Entre una batalla entre As\u00eds y Perugia estuvo encarcelado un a\u00f1o. Mientras estuvo prisionero sufri\u00f3 una grave enfermedad durante la cual decidi\u00f3 cambiar su forma de vida.<br \/><br \/>A su regreso a As\u00eds en 1205 ejerci\u00f3 la caridad entre los leprosos\u00a0 y comenz\u00f3 a trabajar en la restauraci\u00f3n de ruinas de iglesias en respuesta a una visi\u00f3n en la que el crucifijo de la Iglesia en ruinas de San Dami\u00e1n en As\u00eds, le ordenaba que reparara su casa.<br \/><br \/>Se despojo de todas las riquezas materiales y vivi\u00f3 en la m\u00e1s profunda de la pobreza, con alegr\u00eda se dedic\u00f3 a servir\u00a0 no solo a sus semejantes, sino tambi\u00e9n\u00a0<\/p>\n\n\t\t<\/div>\n\t\t\t<\/div>\n\n\t\n\n\t<div id=\"col-1384629794\" class=\"col medium-6 small-12 large-6\"  >\n\t\t<div class=\"col-inner\"  >\n\t\t\t\n\t\t\t\n\n<p style=\"text-align: justify;\">a todos los seres vivos, a todos los animales, a los que consideraba hijos de Dios, les llamaba hermanos, se dirig\u00eda a ellos y se cuenta del poder de este Santo para ser escuchado y obedecidos por ellos, sus hermanos menores.<br \/><br \/>En septiembre de 1224, tras cuarenta d\u00edas de ayuno, Francisco estaba rezando en el Monte Alberno, cuando sinti\u00f3 un fuerte dolor, eran las marcas de la crucifixi\u00f3n de Cristo, los estigmas hab\u00edan aparecido en su cuerpo.<br \/><br \/>Los \u00faltimos a\u00f1os de su vida estuvo marcado por el dolor y la ceguera. Sus sufrimientos no hicieron disminuir su amor a Dios y a toda la creaci\u00f3n. <br \/><br \/>Numerosos son los escritos que este Santo de Dios nos regal\u00f3, \u201cC\u00e1ntico a las criaturas\u201d, escrito en 1225, en el que el sol y el resto de la naturaleza son alabados como hermanos y hermanas. Muri\u00f3 en el a\u00f1o 1226 a la edad de 45 a\u00f1os. Su legado a logrado perdurar hasta\u00a0 nuestros tiempos. La gran corriente de espiritualidad iniciada por Francisco, cuenta con el mayor n\u00famero de Santos.<br \/><br \/>Fue canonizado\u00a0 el 16 de julio del a\u00f1o 1228, por el Papa Gregorio IX.\u00a0 En 1980, el Papa Juan Pablo II, lo proclam\u00f3, Patrono de la Ecolog\u00eda.<br \/><br \/><em><strong>\u201cEl hombre no vale por lo que tiene, vale por lo que es, el hombre es m\u00e1s grande de lo que se ve, porque su origen y su fin est\u00e1n en Dios.<\/strong><\/em><\/p>\n\n\t\t<\/div>\n\t\t\t<\/div>\n\n\t\n\n<\/div>\n\n","protected":false},"excerpt":{"rendered":"","protected":false},"author":4,"featured_media":0,"parent":0,"menu_order":0,"comment_status":"closed","ping_status":"closed","template":"page-blank.php","meta":{"footnotes":""},"class_list":["post-461","page","type-page","status-publish","hentry"],"_links":{"self":[{"href":"https:\/\/colegiodeasis.cl\/2019\/wp-json\/wp\/v2\/pages\/461","targetHints":{"allow":["GET"]}}],"collection":[{"href":"https:\/\/colegiodeasis.cl\/2019\/wp-json\/wp\/v2\/pages"}],"about":[{"href":"https:\/\/colegiodeasis.cl\/2019\/wp-json\/wp\/v2\/types\/page"}],"author":[{"embeddable":true,"href":"https:\/\/colegiodeasis.cl\/2019\/wp-json\/wp\/v2\/users\/4"}],"replies":[{"embeddable":true,"href":"https:\/\/colegiodeasis.cl\/2019\/wp-json\/wp\/v2\/comments?post=461"}],"version-history":[{"count":3,"href":"https:\/\/colegiodeasis.cl\/2019\/wp-json\/wp\/v2\/pages\/461\/revisions"}],"predecessor-version":[{"id":465,"href":"https:\/\/colegiodeasis.cl\/2019\/wp-json\/wp\/v2\/pages\/461\/revisions\/465"}],"wp:attachment":[{"href":"https:\/\/colegiodeasis.cl\/2019\/wp-json\/wp\/v2\/media?parent=461"}],"curies":[{"name":"wp","href":"https:\/\/api.w.org\/{rel}","templated":true}]}}

<div id="page-header-710686809" class="page-header-wrapper">
  <div class="page-title dark featured-title">

    
    <div class="page-title-inner container align-center flex-row medium-flex-wrap" >
              <div class="title-wrapper flex-col text-left medium-text-center">
          <h1 class="entry-title mb-0">
            SAN FRANCISCO DE ASIS          </h1>
        </div>
                    <div class="title-content flex-col flex-right text-right medium-text-center">
        <div class="title-breadcrumbs pb-half pt-half"></div>      </div>
    </div>

     
<style>
#page-header-710686809 .page-title-inner {
  min-height: 100px;
}
</style>
  </div>
    </div>
  

	<div id="gap-734759196" class="gap-element clearfix" style="display:block; height:auto;">
		
<style>
#gap-734759196 {
  padding-top: 30px;
}
</style>
	</div>
	

<div class="row row-small"  id="row-1161991879">


	<div id="col-1853922476" class="col medium-6 small-12 large-6"  >
		<div class="col-inner"  >
			
			

<p style="text-align: justify;"><img loading="lazy" decoding="async" class="alignnone size-medium wp-image-464" src="http://colegiodeasis.cl/2019/wp-content/uploads/2019/11/san-francisco-de-asis-663x400.jpg" alt="" width="663" height="400" srcset="https://colegiodeasis.cl/2019/wp-content/uploads/2019/11/san-francisco-de-asis-663x400.jpg 663w, https://colegiodeasis.cl/2019/wp-content/uploads/2019/11/san-francisco-de-asis-768x464.jpg 768w, https://colegiodeasis.cl/2019/wp-content/uploads/2019/11/san-francisco-de-asis.jpg 800w" sizes="auto, (max-width: 663px) 100vw, 663px" /><br /><br />Giovanni Francesco Bernardone, nació en Asís, en el año 1181, en el seno de una acaudalada familia. Durante su juventud Francisco llevo una vida mundana y despreocupada. Entre una batalla entre Asís y Perugia estuvo encarcelado un año. Mientras estuvo prisionero sufrió una grave enfermedad durante la cual decidió cambiar su forma de vida.<br /><br />A su regreso a Asís en 1205 ejerció la caridad entre los leprosos  y comenzó a trabajar en la restauración de ruinas de iglesias en respuesta a una visión en la que el crucifijo de la Iglesia en ruinas de San Damián en Asís, le ordenaba que reparara su casa.<br /><br />Se despojo de todas las riquezas materiales y vivió en la más profunda de la pobreza, con alegría se dedicó a servir  no solo a sus semejantes, sino también </p>

		</div>
			</div>

	

	<div id="col-1384629794" class="col medium-6 small-12 large-6"  >
		<div class="col-inner"  >
			
			

<p style="text-align: justify;">a todos los seres vivos, a todos los animales, a los que consideraba hijos de Dios, les llamaba hermanos, se dirigía a ellos y se cuenta del poder de este Santo para ser escuchado y obedecidos por ellos, sus hermanos menores.<br /><br />En septiembre de 1224, tras cuarenta días de ayuno, Francisco estaba rezando en el Monte Alberno, cuando sintió un fuerte dolor, eran las marcas de la crucifixión de Cristo, los estigmas habían aparecido en su cuerpo.<br /><br />Los últimos años de su vida estuvo marcado por el dolor y la ceguera. Sus sufrimientos no hicieron disminuir su amor a Dios y a toda la creación. <br /><br />Numerosos son los escritos que este Santo de Dios nos regaló, “Cántico a las criaturas”, escrito en 1225, en el que el sol y el resto de la naturaleza son alabados como hermanos y hermanas. Murió en el año 1226 a la edad de 45 años. Su legado a logrado perdurar hasta  nuestros tiempos. La gran corriente de espiritualidad iniciada por Francisco, cuenta con el mayor número de Santos.<br /><br />Fue canonizado  el 16 de julio del año 1228, por el Papa Gregorio IX.  En 1980, el Papa Juan Pablo II, lo proclamó, Patrono de la Ecología.<br /><br /><em><strong>“El hombre no vale por lo que tiene, vale por lo que es, el hombre es más grande de lo que se ve, porque su origen y su fin están en Dios.</strong></em></p>

		</div>
			</div>

	

</div>
